ommon divisor of i and 80?
5
Let b(m) = -m**3 - 40*m + 232. Let c be b(-16). What is the highest common divisor of c and 432?
216
Suppose -k + 6 - 5 = 0, 4*a = 2*k + 134. Suppose 0 = -3*q - 2*q - 1870. Let j be q/(1*-4 + 3). Calculate the highest common factor of a and j.
34
Let r(a) = a + 7*a**2 - 2*a**3 - a**3 - 5 + 0*a**3 + 2*a**3. Let v be r(7). Let u be (-4)/14 - (-360)/84. Calculate the highest common divisor of v and u.
2
Let b(a) = 2*a**3 - 3*a**2 - 4*a + 2. Let v be b(4). Suppose 152*t = 160*t - 496. Suppose -t*i + v*i = 896. What is the highest common divisor of 32 and i?
32
Let l be 3*3/(-36) + 6/(-48)*-4514. Suppose -114 = -2*y - 18. What is the highest common factor of y and l?
12
Let q be 2/(-11) - 8310/33. Let k = -239 - q. Let z(b) = -b**3 + 4*b**2 + 3*b + 1. Let x be z(4). Calculate the greatest common factor of x and k.
13
Let n be ((-3910)/(-6))/17*(-12)/(-10). What is the greatest common factor of n and 3082?
46
Let u = 3682 + 2533. Calculate the greatest common divisor of 11 and u.
11
Let z = -128 + 144. Let d(c) = c**2 + 3*c - 6. Let p(m) = m**2 + 14*m - 10. Let n be p(-14). Let g be d(n). Calculate the highest common factor of z and g.
16
Let u = 177 + -137. Suppose 12*l - u = -8*l. Calculate the highest common divisor of 22 and l.
2
Let k = -58 - -206. Let l(x) = 9*x - 8. Let y be l(4). Let j = y + k. What is the highest common factor of 16 and j?
16
Let z = 5457 + -5406. What is the greatest common factor of 12 and z?
3
Let z = -135 + 166. Let o = 71 - z. Calculate the greatest common divisor of 70 and o.
10
Let v be (-101288)/(-1408) + (-6)/(-96). What is the greatest common factor of 4842 and v?
18
Let j be -1 + 258 + 4 + (10 - 11). What is the highest common factor of 195 and j?
65
Let k(g) = g**3 + g**2 + g + 10. Let b be k(0). Suppose 168 = b*x - 9*x. Suppose -2*c + 5*c = x. What is the highest common factor of 7 and c?
7
Suppose 16*z = -415 + 1055. What is the greatest common divisor of 1220 and z?
20
Let d(l) = -l + 1. Let s(b) = 6*b - 41. Let h(z) = -3*d(z) - s(z). Let p be h(9). Suppose -2*w - p = -3*w. What is the greatest common divisor of 143 and w?
11
Suppose 48*p = 701 + 8707. What is the greatest common divisor of 868 and p?
28
Let m(j) = 101*j**2 + 236*j + 1166. Let q be m(-5). Calculate the greatest common divisor of q and 135.
27
Suppose 5*f = 3*h - 6180, -9*h + 2046 = -8*h - 4*f. Calculate the highest common divisor of h and 36.
18
Suppose -10*c - 37 + 247 = 0. Let a = -6 - -48. Let y be -1 + a/5 - (-20)/(-50). Calculate the highest common factor of y and c.
7
Let c(j) = 9975*j**2 + 108*j + 225. Let w be c(-2). Calculate the greatest common factor of 159 and w.
159
Let b = 171 + -156. Let q be (24/b)/((-4)/(-10)) + 7. What is the highest common factor of q and 11?
11
Suppose -q = -4*c + 14403, -c + 3597 = 7*q - 6*q. What is the highest common factor of 24 and c?
24
Suppose -4*j = -84 - 36. Suppose 5*p = b + 20, 0*b - 2*b + j = 4*p. Suppose 15 = 3*r + 10*s - 14*s, r - s = 4. Calculate the greatest common divisor of r and b.
1
Suppose 15 = 5*z + 35. Let w be (36 - 6)/6 - z/2. Suppose 5*h = -j + 46, -5*j + j - 4*h = -104. Calculate the highest common divisor of w and j.
7
Let i(v) = v**3 + 11*v**2 + 1. Let f be (63/36)/(2/(-16)) + 3. Let d be i(f). Let l be ((-32)/(-6))/(d/24). What is the highest common divisor of 8 and l?
8
Suppose 33*g = 44*g + 11330. Let b be -3*(-3 + g/15). Calculate the highest common factor of 172 and b.
43
Suppose 42 = 3*f + f + z, -32 = -2*f + 5*z. Let l be 32 - f - (0 + 1). What is the highest common factor of l and 220?
20
Let o = 5 - 3. Suppose 0 = -7*i + 2*i - o*c - 278, -4*c + 38 = -i. Let p be 4/18 + (-420)/i. Calculate the highest common factor of p and 12.
4
Suppose 1136 = 4*l + 4*u, -529 - 571 = -4*l + 5*u. What is the highest common factor of 455 and l?
35
Let r = 41 - 37. Suppose -3*j - j = -4*g - 1008, 3*g - 980 = -r*j. Let m = j - 68. What is the greatest common factor of m and 20?
20
Let y = 568 - 505. Let b be 1/1*0 + y. What is the highest common divisor of 7 and b?
7
Suppose -4*q + q + 1134 = 0. Let k = q + -136. Let p = k + -114. Calculate the greatest common factor of 16 and p.
16
Let q(w) be the second derivative of -67*w**3 + 25*w**2/2 + 250*w. Let h be q(-1). Calculate the highest common divisor of 61 and h.
61
Let l be (-1)/(8/(-25)) + 8/(-64). Suppose 2*t + 2*q = 54, 2*q + 20 - 98 = -l*t. Calculate the highest common factor of 96 and t.
24
Let v be -5 - ((-63)/6 + (-7)/14). Let s(d) = -2*d + 13. Let x be s(v). Let m be (-48)/(-10) - 2/(-10). What is the highest common divisor of m and x?
1
Let z be (-165898)/(-872) + (-1 - (-3)/4). Calculate the highest common divisor of 230 and z.
10
Suppose 4*n = -3*g + 27405, 17*g - 4 = 21*g. Calculate the highest common divisor of n and 12.
12
Let k = 3305 - 3277. Calculate the highest common factor of k and 2492.
28
Suppose 101*c - 5278 - 6337 = 0. What is the greatest common factor of 2070 and c?
115
Let n be (560/14)/8 - -41. Calculate the greatest common divisor of 92 and n.
46
Suppose 83*c - 75*c + 16 = 0. Let o be (-30 - -34) + (0/c - -401). Calculate the greatest common divisor of o and 162.
81
Let n(f) = 413*f + 1265. Let l be n(-3). Calculate the highest common divisor of l and 5239.
13
Let p(r) = r**2 - 14*r - 1032. Let v be p(-26). Calculate the highest common factor of v and 2872.
8
Let i = 57290 + -31431. Calculate the highest common divisor of 19 and i.
19
Let m = 586 - 405. Suppose 0 = -2*h + 185 - m. Calculate the highest common divisor of 162 and h.
2
Let h = -97 - 9. Let s = h - -129. What is the greatest common divisor of 92 and s?
23
Let o be (-1 - -6) + -10 + 2. Let a(v) = -4*v + 14. Let w be a(o). Calculate the greatest common factor of 65 and w.
13
Suppose 3*t + 2531 = 15*r - 14*r, 0 = -2*t + 4. What is the highest common factor of r and 59?
59
Let h(g) = -2718*g + 645. Let j be h(-8). Calculate the highest common factor of 17 and j.
17
Let t(p) = 7*p**2 - 14*p - 135. Let c be t(-8). Calculate the highest common divisor of 17 and c.
17
Let i be ((-2)/(-8))/((60/(-32))/(-15)). Suppose 0*s + 38 = -2*s. Let y be i/(-1) - (s - 0). Calculate the greatest common factor of 153 and y.
17
Let o(n) = -419*n + 2115. Let d be o(5). Calculate the highest common divisor of d and 108.
4
Suppose 2*c - 129 = -5*o, c + 2*o = -o + 66. Suppose 0 = -5*g + c + 48. What is the greatest common factor of g and 168?
21
Suppose 2*o + 0*o + 10 = 2*v, -2*v - 2*o - 6 = 0. Let r be 2*(67/2 + v). Let q(f) = -11*f - 9. Let b be q(-5). Calculate the highest common divisor of r and b.
23
Let i(m) = -70*m + 6. Let n = 875 - 878. Let h be i(n). Calculate the highest common factor of 96 and h.
24
Let s be ((-6)/(-4) + 1)*4. Suppose 5*x - 2*o = 2*o + 12, -24 = -4*x - 4*o. Let b be 114/s + x/(-10). Calculate the greatest common divisor of 99 and b.
11
Let m = -202 - -342. Suppose -u + 11*u - m = 0. Let p be ((-12)/18)/((-3)/18). What is the highest common factor of p and u?
2
Let k(b) = 3*b + 10. Let m be k(0). Let x be (2 + (-3)/(5 + m))*65. What is the highest common divisor of 13 and x?
13
Suppose -2*k + 3*a = -9, 3*k - 3*a = -4*a + 19. Suppose 48 = k*b + 10*b. What is the greatest common divisor of 48 and b?
3
Let b be (-385)/42 - -9 - 505/(-6). What is the greatest common divisor of b and 1022?
14
Suppose -41*v + 3344 + 9535 = 40*v. What is the highest common factor of v and 636?
159
Suppose -5*w + 2*c + 32 = 0, -5*w - 2*c - 3*c = -25. Suppose -66 + w = -5*r. Suppose 9*f - r*f + 234 = 0. Calculate the greatest common factor of f and 117.
39
Suppose 4*s + 5*r - 28 = 8*r, 0 = 4*r + 16. Suppose 5*g = 2*o + 444, -184 = 4*g - 6*g + s*o. Calculate the highest common divisor of g and 11.
11
Suppose -781968 - 710655 = -229*p - 185949. Calculate the greatest common factor of 72 and p.
18
Suppose 0 = 5*w - 12 - 13. Let g be (-4 - -2) + w - (-1712)/(-2). Let m = g - -1282. Calculate the greatest common divisor of m and 39.
39
Suppose -26 = -4*w + 18. Suppose 431 - 4336 = -w*n. Calculate the greatest common divisor of 71 and n.
71
Let f(c) = c**2 - 11*c - 10. Let s be f(12). Suppose -s*o = 2*k - 14, k - o - 9 = -4*o. Let h = -21 - -24. Calculate the highest common divisor of k and h.
3
Suppose -172*b + 874 + 506 = -160*b. Calculate the